{"id":90,"date":"2013-08-11T19:22:53","date_gmt":"2013-08-11T19:22:53","guid":{"rendered":"http:\/\/localhost:8888\/test\/?page_id=532"},"modified":"2025-12-08T11:06:04","modified_gmt":"2025-12-08T11:06:04","slug":"contact","status":"publish","type":"page","link":"https:\/\/artmisia.shop\/?page_id=90","title":{"rendered":"Contact"},"content":{"rendered":"\n\n\t<script type=\"text\/javascript\">\n  jQuery( document ).ready(function() {\n    function initialize() {\n        var styles = {\n            'flatsome':  [{\n            \"featureType\": \"administrative\",\n            \"stylers\": [\n              { \"visibility\": \"on\" }\n            ]\n          },\n          {\n            \"featureType\": \"road\",\n            \"stylers\": [\n              { \"visibility\": \"on\" },\n              { \"hue\": \"\" }\n            ]\n          },\n          {\n            \"stylers\": [\n\t\t\t  { \"visibility\": \"on\" },\n\t\t\t  { \"hue\": \"\" },\n\t\t\t  { \"saturation\": -30 }\n            ]\n          }\n        ]};\n\n        var myLatlng = new google.maps.LatLng(-25.393032, -49.288588);\n        var myOptions = {\n            zoom: 16,\n            center: myLatlng,\n            mapTypeId: google.maps.MapTypeId.ROADMAP,\n            disableDefaultUI: true,\n            mapTypeId: 'flatsome',\n            draggable: true,\n            zoomControl: false,\n            zoomControlOptions: {\n              position: google.maps.ControlPosition.TOP_LEFT\n            },\n      \t\t\tmapTypeControl: false,\n            mapTypeControlOptions: {\n              position: google.maps.ControlPosition.TOP_LEFT\n            },\n      \t\t\tstreetViewControl: false,\n            streetViewControlOptions: {\n              position: google.maps.ControlPosition.TOP_LEFT\n            },\n            scrollwheel: false,\n            disableDoubleClickZoom: true\n        }\n        var map = new google.maps.Map(document.getElementById(\"map-2234487683-inner\"), myOptions);\n        var styledMapType = new google.maps.StyledMapType(styles['flatsome'], {name: 'flatsome'});\n        map.mapTypes.set('flatsome', styledMapType);\n\n        var marker = new google.maps.Marker({\n            position: myLatlng,\n            map: map,\n            title:\"\"\n        });\n    }\n\n    \/\/ Required to proceed\n    if (!(typeof google === 'object' && typeof google.maps === 'object')) {\n      return\n    }\n\n    initialize()\n    google.maps.event.addDomListener(window, 'resize', initialize);\n    });\n    <\/script>\n\n    <div class=\"google-map relative mb\" id=\"map-2234487683\">\n        <div class=\"map-height\" id=\"map-2234487683-inner\"><\/div>\n        <div id=\"map_overlay_top\"><\/div>\n        <div id=\"map_overlay_bottom\"><\/div>\n                  <div class=\"map_inner map-inner last-reset absolute x95 md-x95 lg-x95 y95 md-y95 lg-y95\">\n              \n\n<h3>Rua Ant\u00f4nio Cesar Casa Grande, 261<\/h3>\n<h3>Curitiba &#8211; Paran\u00e1<\/h3>\n\n         <\/div>\n       \n       \n<style>\n#map-2234487683 .map-inner {\n  background-color: #fff;\n  max-width: 30%;\n}\n#map-2234487683 .map-height {\n  height: 400px;\n}\n<\/style>\n    <\/div>\n\n\t\n<div class=\"row\"  id=\"row-957148259\">\n\n\n\t<div id=\"col-1790160855\" class=\"col medium-6 large-6\"  >\n\t\t\t\t<div class=\"col-inner\"  >\n\t\t\t\n\t\t\t\n\n<div class=\"container section-title-container\" ><h3 class=\"section-title section-title-normal\"><b aria-hidden=\"true\"><\/b><span class=\"section-title-main\" >Perguntas Frequentes<\/span><b aria-hidden=\"true\"><\/b><\/h3><\/div>\n\n<div class=\"accordion\">\n\n\t<div id=\"accordion-4227718763\" class=\"accordion-item\">\n\t\t<a id=\"accordion-4227718763-label\" class=\"accordion-title plain\" href=\"#accordion-item-quais-materiais-s\u00e3o-usados-nos-m\u00f3veis-da-art-misia?\" aria-expanded=\"false\" aria-controls=\"accordion-4227718763-content\">\n\t\t\t<button class=\"toggle\" aria-label=\"Toggle\"><i class=\"icon-angle-down\" aria-hidden=\"true\"><\/i><\/button>\n\t\t\t<span>Quais materiais s\u00e3o usados nos m\u00f3veis da Art-Misia?<\/span>\n\t\t<\/a>\n\t\t<div id=\"accordion-4227718763-content\" class=\"accordion-inner\" aria-labelledby=\"accordion-4227718763-label\">\n\t\t\t\n\n<p>N\u00f3s usamos materiais ecol\u00f3gicos e seguros para voc\u00ea e seu pet como vernizes a base d\u00b4\u00e1gua e madeiras de reflorestamento.<\/p>\n\n\t\t<\/div>\n\t<\/div>\n\t\n\t<div id=\"accordion-1650982572\" class=\"accordion-item\">\n\t\t<a id=\"accordion-1650982572-label\" class=\"accordion-title plain\" href=\"#accordion-item-voc\u00eas-fazem-pe\u00e7as-sob-medida-ou-personalizadas?\" aria-expanded=\"false\" aria-controls=\"accordion-1650982572-content\">\n\t\t\t<button class=\"toggle\" aria-label=\"Toggle\"><i class=\"icon-angle-down\" aria-hidden=\"true\"><\/i><\/button>\n\t\t\t<span>Voc\u00eas fazem pe\u00e7as sob medida ou personalizadas?<\/span>\n\t\t<\/a>\n\t\t<div id=\"accordion-1650982572-content\" class=\"accordion-inner\" aria-labelledby=\"accordion-1650982572-label\">\n\t\t\t\n\n<p>Por enquanto n\u00e3o fazemos mas temos planos para fazer personaliza\u00e7\u00f5es no futuro.<\/p>\n\n\t\t<\/div>\n\t<\/div>\n\t\n\t<div id=\"accordion-1606988954\" class=\"accordion-item\">\n\t\t<a id=\"accordion-1606988954-label\" class=\"accordion-title plain\" href=\"#accordion-item-para-quais-regi\u00f5es-voc\u00eas-entregam?\" aria-expanded=\"false\" aria-controls=\"accordion-1606988954-content\">\n\t\t\t<button class=\"toggle\" aria-label=\"Toggle\"><i class=\"icon-angle-down\" aria-hidden=\"true\"><\/i><\/button>\n\t\t\t<span>Para quais regi\u00f5es voc\u00eas entregam?<\/span>\n\t\t<\/a>\n\t\t<div id=\"accordion-1606988954-content\" class=\"accordion-inner\" aria-labelledby=\"accordion-1606988954-label\">\n\t\t\t\n\n<p>Enviamos para todo o Brasil<\/p>\n\n\t\t<\/div>\n\t<\/div>\n\t\n\n<\/div>\n\n\t\t<\/div>\n\t\t\t\t\t<\/div>\n\n\t\n\n\t<div id=\"col-1920937735\" class=\"col medium-6 large-6\"  >\n\t\t\t\t<div class=\"col-inner\"  >\n\t\t\t\n\t\t\t\n\n<div class=\"container section-title-container\" ><h3 class=\"section-title section-title-normal\"><b aria-hidden=\"true\"><\/b><span class=\"section-title-main\" >Contato<\/span><b aria-hidden=\"true\"><\/b><\/h3><\/div>\n\n<p class=\"lead\">Conte pra gente o que achou \u2014 nossos pets juram ronronar ou abanar o rabinho lendo cada feedback<\/p>\n<a href=\"https:\/\/web.whatsapp.com\/send?phone=5541991538333&#038;text=\" class=\"button primary\" style=\"border-radius:10px;\">\n\t\t<span>Whatsapp<\/span>\n\t<i class=\"icon-whatsapp\" aria-hidden=\"true\"><\/i><\/a>\n\n\n<h4>Telefone para contato: +55 41 9916-5532<\/h4>\n<h4>E-mail:\u00a0 contato@artmisia.shop<\/h4>\n<p>\u00a0<\/p>\n\n\t\t<\/div>\n\t\t\t\t\t<\/div>\n\n\t\n\n<\/div>\n\n","protected":false},"excerpt":{"rendered":"","protected":false},"author":1,"featured_media":18,"parent":53,"menu_order":0,"comment_status":"closed","ping_status":"closed","template":"page-blank.php","meta":{"footnotes":""},"class_list":["post-90","page","type-page","status-publish","has-post-thumbnail","hentry"],"_hostinger_reach_plugin_has_subscription_block":false,"_hostinger_reach_plugin_is_elementor":false,"jetpack_sharing_enabled":true,"_links":{"self":[{"href":"https:\/\/artmisia.shop\/index.php?rest_route=\/wp\/v2\/pages\/90","targetHints":{"allow":["GET"]}}],"collection":[{"href":"https:\/\/artmisia.shop\/index.php?rest_route=\/wp\/v2\/pages"}],"about":[{"href":"https:\/\/artmisia.shop\/index.php?rest_route=\/wp\/v2\/types\/page"}],"author":[{"embeddable":true,"href":"https:\/\/artmisia.shop\/index.php?rest_route=\/wp\/v2\/users\/1"}],"replies":[{"embeddable":true,"href":"https:\/\/artmisia.shop\/index.php?rest_route=%2Fwp%2Fv2%2Fcomments&post=90"}],"version-history":[{"count":5,"href":"https:\/\/artmisia.shop\/index.php?rest_route=\/wp\/v2\/pages\/90\/revisions"}],"predecessor-version":[{"id":511,"href":"https:\/\/artmisia.shop\/index.php?rest_route=\/wp\/v2\/pages\/90\/revisions\/511"}],"up":[{"embeddable":true,"href":"https:\/\/artmisia.shop\/index.php?rest_route=\/wp\/v2\/pages\/53"}],"wp:featuredmedia":[{"embeddable":true,"href":"https:\/\/artmisia.shop\/index.php?rest_route=\/wp\/v2\/media\/18"}],"wp:attachment":[{"href":"https:\/\/artmisia.shop\/index.php?rest_route=%2Fwp%2Fv2%2Fmedia&parent=90"}],"curies":[{"name":"wp","href":"https:\/\/api.w.org\/{rel}","templated":true}]}}