{"id":92,"date":"2013-08-11T19:06:15","date_gmt":"2013-08-11T19:06:15","guid":{"rendered":"http:\/\/localhost:8888\/test\/?page_id=520"},"modified":"2025-11-14T20:11:39","modified_gmt":"2025-11-14T20:11:39","slug":"about","status":"publish","type":"page","link":"https:\/\/artmisia.shop\/?page_id=92","title":{"rendered":"About"},"content":{"rendered":"\n\n  <div class=\"banner has-hover has-parallax\" id=\"banner-921519005\">\n          <div class=\"banner-inner fill\">\n        <div class=\"banner-bg fill\" data-parallax=\"-3\" data-parallax-container=\".banner\" data-parallax-background>\n            <img loading=\"lazy\" decoding=\"async\" width=\"2270\" height=\"1400\" src=\"https:\/\/artmisia.shop\/wp-content\/uploads\/2025\/07\/Verde_G.png\" class=\"bg attachment-original size-original\" alt=\"\" \/>                        <div class=\"overlay\"><\/div>            \n                    <\/div>\n\t\t\n        <div class=\"banner-layers container\">\n            <div class=\"fill banner-link\"><\/div>            \n\n   <div id=\"text-box-1021492309\" class=\"text-box banner-layer x50 md-x50 lg-x50 y90 md-y90 lg-y90 res-text\">\n                                <div class=\"text-box-content text dark\">\n              \n              <div class=\"text-inner text-center\">\n                  \n\n<h1 class=\"lead\">Quem somos<\/h1>\n<p class=\"my-2 &#091;&amp;+p&#093;:mt-4 &#091;&amp;_strong:has(+br)&#093;:inline-block &#091;&amp;_strong:has(+br)&#093;:pb-2\">Na Art-Misia, acreditamos que cada lar \u00e9 feito de hist\u00f3rias, encontros e muito afeto. Nossa ess\u00eancia nasce do desejo de criar m\u00f3veis que celebram a conviv\u00eancia entre pessoas e pets, unindo design, cuidado e aconchego.<\/p>\n<p class=\"my-2 &#091;&amp;+p&#093;:mt-4 &#091;&amp;_strong:has(+br)&#093;:inline-block &#091;&amp;_strong:has(+br)&#093;:pb-2\">Mais do que m\u00f3veis, criamos experi\u00eancias e mem\u00f3rias. Somos inspirados pela natureza, guiados pelo carinho e movidos pela alegria de transformar lares em espa\u00e7os vivos, aut\u00eanticos e cheios de significado.<\/p>\n<p class=\"my-2 &#091;&amp;+p&#093;:mt-4 &#091;&amp;_strong:has(+br)&#093;:inline-block &#091;&amp;_strong:has(+br)&#093;:pb-2\">Art-Misia \u00e9, acima de tudo, uma marca feita de amor \u2014 por pessoas, pets e pelo mundo.<\/p>\n\n              <\/div>\n           <\/div>\n                            \n<style>\n#text-box-1021492309 {\n  width: 100%;\n}\n#text-box-1021492309 .text-box-content {\n  font-size: 100%;\n}\n<\/style>\n    <\/div>\n \n\n        <\/div>\n      <\/div>\n\n            \n<style>\n#banner-921519005 {\n  padding-top: 507px;\n  background-color: #627D47;\n}\n#banner-921519005 .overlay {\n  background-color: rgba(0,0,0,.5);\n}\n#banner-921519005 .banner-bg img {\n  object-position: 66% 71%;\n}\n<\/style>\n  <\/div>\n\n\n<div class=\"row\"  id=\"row-958843678\">\n\n\n\t<div id=\"col-1500520507\" class=\"col small-12 large-12\"  >\n\t\t\t\t<div class=\"col-inner\"  >\n\t\t\t\n\t\t\t\n\n<p class=\"my-2 &#091;&amp;+p&#093;:mt-4 &#091;&amp;_strong:has(+br)&#093;:inline-block &#091;&amp;_strong:has(+br)&#093;:pb-2\" style=\"text-align: center;\"><strong>Quem est\u00e1 por tr\u00e1s da Art-Misia<\/strong><\/p>\n<p class=\"my-2 &#091;&amp;+p&#093;:mt-4 &#091;&amp;_strong:has(+br)&#093;:inline-block &#091;&amp;_strong:has(+br)&#093;:pb-2\">Por tr\u00e1s de cada cria\u00e7\u00e3o Art-Misia existe uma hist\u00f3ria de fam\u00edlia, amizade e amor pelos animais. Somos Rafael e Lucas, irm\u00e3os, parceiros e apaixonados por pets, pessoas e design. Juntos, acreditamos que lares e rela\u00e7\u00f5es se transformam quando integram acolhimento, conforto e beleza \u2014 para todos os membros da fam\u00edlia, humanos ou de quatro patas.<\/p>\n<p class=\"my-2 &#091;&amp;+p&#093;:mt-4 &#091;&amp;_strong:has(+br)&#093;:inline-block &#091;&amp;_strong:has(+br)&#093;:pb-2\">Aqui voc\u00ea pode conhecer um pouco mais sobre quem cuida com carinho de cada detalhe da Art-Misia (e seus fi\u00e9is companheiros de jornada!):<\/p>\n<div class=\"text-center\"><div class=\"is-divider divider clearfix\" ><\/div><\/div>\n\n\n\t\t<\/div>\n\t\t\t\t\t<\/div>\n\n\t\n\n\t<div id=\"col-779518317\" class=\"col medium-6 small-12 large-6\"  >\n\t\t\t\t<div class=\"col-inner\"  >\n\t\t\t\n\t\t\t\n\n    <div class=\"box has-hover has-hover box-text-bottom\" >\n\n                  <div class=\"box-image \" style=\"width:80%;\">\n           <div class=\"box-image-inner image-cover\" style=\"border-radius:100%;padding-top:100%;\">\n              <img loading=\"lazy\" decoding=\"async\" width=\"1600\" height=\"1195\" src=\"https:\/\/artmisia.shop\/wp-content\/uploads\/2025\/10\/Rafa_nina.jpeg\" class=\"attachment- size-\" alt=\"\" srcset=\"https:\/\/artmisia.shop\/wp-content\/uploads\/2025\/10\/Rafa_nina.jpeg 1600w, https:\/\/artmisia.shop\/wp-content\/uploads\/2025\/10\/Rafa_nina-536x400.jpeg 536w, https:\/\/artmisia.shop\/wp-content\/uploads\/2025\/10\/Rafa_nina-1071x800.jpeg 1071w, https:\/\/artmisia.shop\/wp-content\/uploads\/2025\/10\/Rafa_nina-768x574.jpeg 768w, https:\/\/artmisia.shop\/wp-content\/uploads\/2025\/10\/Rafa_nina-1536x1147.jpeg 1536w, https:\/\/artmisia.shop\/wp-content\/uploads\/2025\/10\/Rafa_nina-600x448.jpeg 600w\" sizes=\"auto, (max-width: 1600px) 100vw, 1600px\" \/>                         <\/div>\n          <\/div>\n         \n          <div class=\"box-text text-center\" >\n                <div class=\"box-text-inner\">\n                  <h4 class=\"uppercase\">\n                    <span class=\"person-name\">Rafael Mocelin<\/span><br\/>\n                    <span class=\"person-title is-small thin-font op-7\">\n                      Nina, Phepe, Remo e Siruis                    <\/span>\n                  <\/h4>\n\t\t\t\t\t\n\n<p>Designer e co-fundador, Rafael \u00e9 tutor da Nina e tamb\u00e9m acolheu Sirius, Phoebe e Remo, que apareceram um dia em sua casa e ganharam espa\u00e7o \u2014 e muito carinho \u2014 na fam\u00edlia. Para ele, cada novo encontro com um pet \u00e9 uma oportunidade de criar la\u00e7os e desenhar solu\u00e7\u00f5es que tornem o lar mais acolhedor e cheio de vida.<\/p>\n\n                <\/div>\n          <\/div>\n    <\/div>\n\n\t\n    \n\n\t\t<\/div>\n\t\t\t\t\t<\/div>\n\n\t\n\n\t<div id=\"col-1953952450\" class=\"col medium-6 small-12 large-6\"  >\n\t\t\t\t<div class=\"col-inner\"  >\n\t\t\t\n\t\t\t\n\n    <div class=\"box has-hover has-hover box-text-bottom\" >\n\n                  <div class=\"box-image \" style=\"width:80%;\">\n           <div class=\"box-image-inner image-cover\" style=\"border-radius:100%;padding-top:100%;\">\n              <img loading=\"lazy\" decoding=\"async\" width=\"720\" height=\"1600\" src=\"https:\/\/artmisia.shop\/wp-content\/uploads\/2025\/10\/Lucas_Ben.jpeg\" class=\"attachment- size-\" alt=\"\" srcset=\"https:\/\/artmisia.shop\/wp-content\/uploads\/2025\/10\/Lucas_Ben.jpeg 720w, https:\/\/artmisia.shop\/wp-content\/uploads\/2025\/10\/Lucas_Ben-180x400.jpeg 180w, https:\/\/artmisia.shop\/wp-content\/uploads\/2025\/10\/Lucas_Ben-360x800.jpeg 360w, https:\/\/artmisia.shop\/wp-content\/uploads\/2025\/10\/Lucas_Ben-691x1536.jpeg 691w, https:\/\/artmisia.shop\/wp-content\/uploads\/2025\/10\/Lucas_Ben-600x1333.jpeg 600w\" sizes=\"auto, (max-width: 720px) 100vw, 720px\" \/>                         <\/div>\n          <\/div>\n         \n          <div class=\"box-text text-center\" >\n                <div class=\"box-text-inner\">\n                  <h4 class=\"uppercase\">\n                    <span class=\"person-name\">Lucas M. Mocelin<\/span><br\/>\n                    <span class=\"person-title is-small thin-font op-7\">\n                      Benjoin e Artemisia                    <\/span>\n                  <\/h4>\n\t\t\t\t\t\n\n<p>Co-fundador da Art-Misia, Lucas \u00e9 tutor do Benjoin, cheio de energia, e da Artemisia, que n\u00e3o s\u00f3 faz parte da fam\u00edlia, mas tamb\u00e9m inspirou o nome e prop\u00f3sito da nossa marca. Acredita que cada detalhe faz diferen\u00e7a nos lares compartilhados entre humanos e pets, e coloca esse cuidado em tudo o que desenvolve.<\/p>\n\n                <\/div>\n          <\/div>\n    <\/div>\n\n\t\n    \n\n\t\t<\/div>\n\t\t\t\t\t<\/div>\n\n\t\n\n<\/div>\n<div class=\"container section-title-container\" ><h3 class=\"section-title section-title-center\"><b aria-hidden=\"true\"><\/b><span class=\"section-title-main\" >Equipe de controle de qualidade<\/span><b aria-hidden=\"true\"><\/b><\/h3><\/div>\n\n<div class=\"row\"  id=\"row-2121532027\">\n\n\n\t<div id=\"col-762136285\" class=\"col medium-4 small-12 large-4\"  >\n\t\t\t\t<div class=\"col-inner\"  >\n\t\t\t\n\t\t\t\n\n    <div class=\"box has-hover has-hover box-text-bottom\" >\n\n                  <div class=\"box-image \" style=\"width:80%;\">\n           <div class=\"box-image-inner image-cover\" style=\"border-radius:100%;padding-top:100%;\">\n              <img loading=\"lazy\" decoding=\"async\" width=\"1200\" height=\"1200\" src=\"https:\/\/artmisia.shop\/wp-content\/uploads\/2025\/07\/Degrau_P_01.png\" class=\"attachment- size-\" alt=\"\" srcset=\"https:\/\/artmisia.shop\/wp-content\/uploads\/2025\/07\/Degrau_P_01.png 1200w, https:\/\/artmisia.shop\/wp-content\/uploads\/2025\/07\/Degrau_P_01-400x400.png 400w, https:\/\/artmisia.shop\/wp-content\/uploads\/2025\/07\/Degrau_P_01-800x800.png 800w, https:\/\/artmisia.shop\/wp-content\/uploads\/2025\/07\/Degrau_P_01-280x280.png 280w, https:\/\/artmisia.shop\/wp-content\/uploads\/2025\/07\/Degrau_P_01-768x768.png 768w, https:\/\/artmisia.shop\/wp-content\/uploads\/2025\/07\/Degrau_P_01-300x300.png 300w, https:\/\/artmisia.shop\/wp-content\/uploads\/2025\/07\/Degrau_P_01-600x600.png 600w, https:\/\/artmisia.shop\/wp-content\/uploads\/2025\/07\/Degrau_P_01-100x100.png 100w\" sizes=\"auto, (max-width: 1200px) 100vw, 1200px\" \/>                         <\/div>\n          <\/div>\n         \n          <div class=\"box-text text-center\" >\n                <div class=\"box-text-inner\">\n                  <h4 class=\"uppercase\">\n                    <span class=\"person-name\">Benjoin<\/span><br\/>\n                    <span class=\"person-title is-small thin-font op-7\">\n                      Testador de resist\u00eancia                    <\/span>\n                  <\/h4>\n\t\t\t\t\t\n\n\n                <\/div>\n          <\/div>\n    <\/div>\n\n\t\n    \n\n\t\t<\/div>\n\t\t\t\t\t<\/div>\n\n\t\n\n\t<div id=\"col-913094493\" class=\"col medium-4 small-12 large-4\"  >\n\t\t\t\t<div class=\"col-inner\"  >\n\t\t\t\n\t\t\t\n\n    <div class=\"box has-hover has-hover box-text-bottom\" >\n\n                  <div class=\"box-image \" style=\"width:80%;\">\n           <div class=\"box-image-inner image-cover\" style=\"border-radius:100%;padding-top:100%;\">\n              <img loading=\"lazy\" decoding=\"async\" width=\"1200\" height=\"1200\" src=\"https:\/\/artmisia.shop\/wp-content\/uploads\/2025\/10\/Aretemisia.png\" class=\"attachment- size-\" alt=\"\" srcset=\"https:\/\/artmisia.shop\/wp-content\/uploads\/2025\/10\/Aretemisia.png 1200w, https:\/\/artmisia.shop\/wp-content\/uploads\/2025\/10\/Aretemisia-400x400.png 400w, https:\/\/artmisia.shop\/wp-content\/uploads\/2025\/10\/Aretemisia-800x800.png 800w, https:\/\/artmisia.shop\/wp-content\/uploads\/2025\/10\/Aretemisia-280x280.png 280w, https:\/\/artmisia.shop\/wp-content\/uploads\/2025\/10\/Aretemisia-768x768.png 768w, https:\/\/artmisia.shop\/wp-content\/uploads\/2025\/10\/Aretemisia-300x300.png 300w, https:\/\/artmisia.shop\/wp-content\/uploads\/2025\/10\/Aretemisia-600x600.png 600w, https:\/\/artmisia.shop\/wp-content\/uploads\/2025\/10\/Aretemisia-100x100.png 100w\" sizes=\"auto, (max-width: 1200px) 100vw, 1200px\" \/>                         <\/div>\n          <\/div>\n         \n          <div class=\"box-text text-center\" >\n                <div class=\"box-text-inner\">\n                  <h4 class=\"uppercase\">\n                    <span class=\"person-name\">Aretemisia<\/span><br\/>\n                    <span class=\"person-title is-small thin-font op-7\">\n                      Testadora de resist\u00eancia a arranh\u00f5es                    <\/span>\n                  <\/h4>\n\t\t\t\t\t\n\n\n                <\/div>\n          <\/div>\n    <\/div>\n\n\t\n    \n\n\t\t<\/div>\n\t\t\t\t\t<\/div>\n\n\t\n\n\t<div id=\"col-304633699\" class=\"col medium-4 small-12 large-4\"  >\n\t\t\t\t<div class=\"col-inner\"  >\n\t\t\t\n\t\t\t\n\n    <div class=\"box has-hover has-hover box-text-bottom\" >\n\n                  <div class=\"box-image \" style=\"width:80%;\">\n           <div class=\"box-image-inner image-cover\" style=\"border-radius:100%;padding-top:100%;\">\n              <img loading=\"lazy\" decoding=\"async\" width=\"1200\" height=\"1200\" src=\"https:\/\/artmisia.shop\/wp-content\/uploads\/2025\/10\/Nina.png\" class=\"attachment- size-\" alt=\"\" srcset=\"https:\/\/artmisia.shop\/wp-content\/uploads\/2025\/10\/Nina.png 1200w, https:\/\/artmisia.shop\/wp-content\/uploads\/2025\/10\/Nina-400x400.png 400w, https:\/\/artmisia.shop\/wp-content\/uploads\/2025\/10\/Nina-800x800.png 800w, https:\/\/artmisia.shop\/wp-content\/uploads\/2025\/10\/Nina-280x280.png 280w, https:\/\/artmisia.shop\/wp-content\/uploads\/2025\/10\/Nina-768x768.png 768w, https:\/\/artmisia.shop\/wp-content\/uploads\/2025\/10\/Nina-300x300.png 300w, https:\/\/artmisia.shop\/wp-content\/uploads\/2025\/10\/Nina-600x600.png 600w, https:\/\/artmisia.shop\/wp-content\/uploads\/2025\/10\/Nina-100x100.png 100w\" sizes=\"auto, (max-width: 1200px) 100vw, 1200px\" \/>                         <\/div>\n          <\/div>\n         \n          <div class=\"box-text text-center\" >\n                <div class=\"box-text-inner\">\n                  <h4 class=\"uppercase\">\n                    <span class=\"person-name\">Nina<\/span><br\/>\n                    <span class=\"person-title is-small thin-font op-7\">\n                      Testadora de conforto                    <\/span>\n                  <\/h4>\n\t\t\t\t\t\n\n\n                <\/div>\n          <\/div>\n    <\/div>\n\n\t\n    \n\n\t\t<\/div>\n\t\t\t\t\t<\/div>\n\n\t\n\n<\/div>\n\n","protected":false},"excerpt":{"rendered":"","protected":false},"author":1,"featured_media":18,"parent":53,"menu_order":0,"comment_status":"closed","ping_status":"closed","template":"page-transparent-header-light.php","meta":{"footnotes":""},"class_list":["post-92","page","type-page","status-publish","has-post-thumbnail","hentry"],"_hostinger_reach_plugin_has_subscription_block":false,"_hostinger_reach_plugin_is_elementor":false,"jetpack_sharing_enabled":true,"_links":{"self":[{"href":"https:\/\/artmisia.shop\/index.php?rest_route=\/wp\/v2\/pages\/92","targetHints":{"allow":["GET"]}}],"collection":[{"href":"https:\/\/artmisia.shop\/index.php?rest_route=\/wp\/v2\/pages"}],"about":[{"href":"https:\/\/artmisia.shop\/index.php?rest_route=\/wp\/v2\/types\/page"}],"author":[{"embeddable":true,"href":"https:\/\/artmisia.shop\/index.php?rest_route=\/wp\/v2\/users\/1"}],"replies":[{"embeddable":true,"href":"https:\/\/artmisia.shop\/index.php?rest_route=%2Fwp%2Fv2%2Fcomments&post=92"}],"version-history":[{"count":14,"href":"https:\/\/artmisia.shop\/index.php?rest_route=\/wp\/v2\/pages\/92\/revisions"}],"predecessor-version":[{"id":465,"href":"https:\/\/artmisia.shop\/index.php?rest_route=\/wp\/v2\/pages\/92\/revisions\/465"}],"up":[{"embeddable":true,"href":"https:\/\/artmisia.shop\/index.php?rest_route=\/wp\/v2\/pages\/53"}],"wp:featuredmedia":[{"embeddable":true,"href":"https:\/\/artmisia.shop\/index.php?rest_route=\/wp\/v2\/media\/18"}],"wp:attachment":[{"href":"https:\/\/artmisia.shop\/index.php?rest_route=%2Fwp%2Fv2%2Fmedia&parent=92"}],"curies":[{"name":"wp","href":"https:\/\/api.w.org\/{rel}","templated":true}]}}