{"id":454,"date":"2025-11-18T13:13:36","date_gmt":"2025-11-18T13:13:36","guid":{"rendered":"https:\/\/artmisia.shop\/?post_type=product&#038;p=454"},"modified":"2025-11-18T13:33:44","modified_gmt":"2025-11-18T13:33:44","slug":"kit-escalada-felina-6-pecas","status":"publish","type":"product","link":"https:\/\/artmisia.shop\/?product=kit-escalada-felina-6-pecas","title":{"rendered":"Kit Escalada Felina &#8211; 7 pe\u00e7as"},"content":{"rendered":"<p>Crie um playground vertical para o seu gato! O Kit Escalada Felina transforma sua parede num convite \u00e0 aventura: cinco degraus de parede (3 pequenos, 1 m\u00e9dio e 1 grande) e um arranhador em madeira de pinus e sisal natural unem beleza primorosa, seguran\u00e7a e liberdade ao brincar felino. Cada salto \u00e9 um convite ao movimento, \u00e0 curiosidade e ao bem-estar.<br \/>\nCom design minimalista, acabamentos suaves e prote\u00e7\u00e3o extra ao toque, este kit \u00e9* seguran\u00e7a e carinho em cada detalhe \u2014* porque todo gato merece explorar o mundo de cima, com confian\u00e7a e conforto acolhedor, e toda casa merece harmonia com estilo e alegria.<\/p>\n\n\t<section class=\"section\" id=\"section_962000514\">\n\t\t<div class=\"section-bg fill\" >\n\t\t\t<img loading=\"lazy\" decoding=\"async\" width=\"2270\" height=\"1400\" src=\"https:\/\/artmisia.shop\/wp-content\/uploads\/2025\/07\/Verde_G.png\" class=\"bg attachment- size-\" alt=\"\" \/>\t\t\t\t\t\t<div class=\"section-bg-overlay absolute fill\"><\/div>\n\t\t\t\n\n\t\t<\/div>\n\n\t\t\n\n\t\t<div class=\"section-content relative\">\n\t\t\t\n<div class=\"row row-large align-middle\"  id=\"row-1306759603\">\n\n\t<div id=\"col-1804112709\" class=\"col medium-6 small-12 large-6\"  >\n\t\t\t\t<div class=\"col-inner\"  >\n\t\t\t\n\t\t\t\n\t<div class=\"img has-hover x md-x lg-x y md-y lg-y\" id=\"image_1686395538\">\n\t\t\t\t\t\t\t\t<div class=\"img-inner dark\" >\n\t\t\t<img loading=\"lazy\" decoding=\"async\" width=\"800\" height=\"800\" src=\"https:\/\/artmisia.shop\/wp-content\/uploads\/2025\/11\/Kit7_5-800x800.png\" class=\"attachment-large size-large\" alt=\"\" srcset=\"https:\/\/artmisia.shop\/wp-content\/uploads\/2025\/11\/Kit7_5-800x800.png 800w, https:\/\/artmisia.shop\/wp-content\/uploads\/2025\/11\/Kit7_5-400x400.png 400w, https:\/\/artmisia.shop\/wp-content\/uploads\/2025\/11\/Kit7_5-280x280.png 280w, https:\/\/artmisia.shop\/wp-content\/uploads\/2025\/11\/Kit7_5-768x768.png 768w, https:\/\/artmisia.shop\/wp-content\/uploads\/2025\/11\/Kit7_5-300x300.png 300w, https:\/\/artmisia.shop\/wp-content\/uploads\/2025\/11\/Kit7_5-600x600.png 600w, https:\/\/artmisia.shop\/wp-content\/uploads\/2025\/11\/Kit7_5-100x100.png 100w, https:\/\/artmisia.shop\/wp-content\/uploads\/2025\/11\/Kit7_5.png 1200w\" sizes=\"auto, (max-width: 800px) 100vw, 800px\" \/>\t\t\t\t\t\t\n\t\t\t\t\t<\/div>\n\t\t\t\t\t\t\t\t\n<style>\n#image_1686395538 {\n  width: 100%;\n}\n<\/style>\n\t<\/div>\n\t\n\t\t<\/div>\n\t\t\t\t\t<\/div>\n\n\t\n\n\t<div id=\"col-691745056\" class=\"col medium-6 small-12 large-6\"  >\n\t\t\t\t<div class=\"col-inner text-left\"  >\n\t\t\t\n\t\t\t\n<h2>Transforme a parede da sua casa em um verdadeiro playground vertical para o seu gato!<\/h2>\n<p>O Kit Escalada Felina \u00e9 um convite irresist\u00edvel \u00e0 aventura, com cinco degraus cuidadosamente dimensionados \u2014 tr\u00eas pequenos, um m\u00e9dio e um grande \u2014 al\u00e9m de um arranhador feito em madeira de pinus reflorestado e sisal natural. Aqui, cada salto desperta o instinto de explora\u00e7\u00e3o, a curiosidade vibrante e o bem-estar genu\u00edno do seu felino.<\/p>\n\t\t<\/div>\n\t\t\t\t\t<\/div>\n\n\t\n<\/div>\n\t\t<\/div>\n\n\t\t\n<style>\n#section_962000514 {\n  padding-top: 60px;\n  padding-bottom: 60px;\n}\n#section_962000514 .section-bg-overlay {\n  background-color: rgba(255, 255, 255, 0.85);\n}\n<\/style>\n\t<\/section>\n\t\n\n\t<section class=\"section\" id=\"section_1774218553\">\n\t\t<div class=\"section-bg fill\" >\n\t\t\t<img loading=\"lazy\" decoding=\"async\" width=\"2270\" height=\"1400\" src=\"https:\/\/artmisia.shop\/wp-content\/uploads\/2025\/07\/Verde_G.png\" class=\"bg attachment- size-\" alt=\"\" \/>\t\t\t\t\t\t<div class=\"section-bg-overlay absolute fill\"><\/div>\n\t\t\t\n\n\t\t<\/div>\n\n\t\t\n\n\t\t<div class=\"section-content relative\">\n\t\t\t\n<div class=\"row row-large align-middle\"  id=\"row-1808552970\">\n\n\t<div id=\"col-146260539\" class=\"col medium-6 small-12 large-6\"  >\n\t\t\t\t<div class=\"col-inner text-left\"  >\n\t\t\t\n\t\t\t\n<p>Com design minimalista que se integra com eleg\u00e2ncia a qualquer ambiente, acabamentos suaves e uma prote\u00e7\u00e3o especial ao toque, este kit \u00e9 mais que um brinquedo: \u00e9 um gesto de amor e cuidado em cada detalhe. Porque todo gato merece conquistar o mundo l\u00e1 do alto com confian\u00e7a e conforto, enquanto sua casa ganha vida com harmonia, estilo e a alegria de ver seu companheiro feliz.<\/p>\n\t\t<\/div>\n\t\t\t\t\t<\/div>\n\n\t\n\n\t<div id=\"col-1979524034\" class=\"col medium-6 small-12 large-6\"  >\n\t\t\t\t<div class=\"col-inner\"  >\n\t\t\t\n\t\t\t\n\t<div class=\"img has-hover x md-x lg-x y md-y lg-y\" id=\"image_2075105484\">\n\t\t\t\t\t\t\t\t<div class=\"img-inner dark\" >\n\t\t\t<img loading=\"lazy\" decoding=\"async\" width=\"800\" height=\"800\" src=\"https:\/\/artmisia.shop\/wp-content\/uploads\/2025\/11\/Kit7_2-800x800.png\" class=\"attachment-large size-large\" alt=\"\" srcset=\"https:\/\/artmisia.shop\/wp-content\/uploads\/2025\/11\/Kit7_2-800x800.png 800w, https:\/\/artmisia.shop\/wp-content\/uploads\/2025\/11\/Kit7_2-400x400.png 400w, https:\/\/artmisia.shop\/wp-content\/uploads\/2025\/11\/Kit7_2-280x280.png 280w, https:\/\/artmisia.shop\/wp-content\/uploads\/2025\/11\/Kit7_2-768x768.png 768w, https:\/\/artmisia.shop\/wp-content\/uploads\/2025\/11\/Kit7_2-300x300.png 300w, https:\/\/artmisia.shop\/wp-content\/uploads\/2025\/11\/Kit7_2-600x600.png 600w, https:\/\/artmisia.shop\/wp-content\/uploads\/2025\/11\/Kit7_2-100x100.png 100w, https:\/\/artmisia.shop\/wp-content\/uploads\/2025\/11\/Kit7_2.png 1200w\" sizes=\"auto, (max-width: 800px) 100vw, 800px\" \/>\t\t\t\t\t\t\n\t\t\t\t\t<\/div>\n\t\t\t\t\t\t\t\t\n<style>\n#image_2075105484 {\n  width: 100%;\n}\n<\/style>\n\t<\/div>\n\t\n\t\t<\/div>\n\t\t\t\t\t<\/div>\n\n\t\n<\/div>\n\t\t<\/div>\n\n\t\t\n<style>\n#section_1774218553 {\n  padding-top: 60px;\n  padding-bottom: 60px;\n}\n#section_1774218553 .section-bg-overlay {\n  background-color: rgba(255, 255, 255, 0.85);\n}\n<\/style>\n\t<\/section>\n\t\n\n\t<section class=\"section\" id=\"section_835956153\">\n\t\t<div class=\"section-bg fill\" >\n\t\t\t\t\t\t\t\t\t<div class=\"section-bg-overlay absolute fill\"><\/div>\n\t\t\t\n\n\t\t<\/div>\n\n\t\t\n\n\t\t<div class=\"section-content relative\">\n\t\t\t\n<div class=\"row row-large align-center\"  id=\"row-237818345\">\n\n\t<div id=\"col-1438183305\" class=\"col medium-3 small-12 large-3\"  >\n\t\t\t\t<div class=\"col-inner text-right\"  >\n\t\t\t\n\t\t\t\n<h2>Montagem e instala\u00e7\u00e3o<\/h2>\n<p>O kit \u00e9 enviado desmontado com todas as pe\u00e7as devidamente furadas juntamente com parafusos de montagem e buchas para fixa\u00e7\u00e3o do produto na parede e um manual de instala\u00e7\u00e3o.<\/p>\n\t\t<\/div>\n\t\t\t\t\t<\/div>\n\n\t\n\n\t<div id=\"col-42947204\" class=\"col medium-8 small-12 large-8\"  >\n\t\t\t\t<div class=\"col-inner text-left\"  >\n\t\t\t\n\t\t\t\n<h2>Descritivo do kit<\/h2>\n<h5>1 \u2013 Arranhador<\/h5>\n<p>Altura : 108 cm \u2013 Largura: 43 cm \u2013 Profundidade: 14 cm<\/p>\n<h5>3 \u2013 Degrau P<\/h5>\n<p>Altura : 14,5 cm \u2013 Largura: 10 cm \u2013 Profundidade: 25 cm<\/p>\n<h5>1 \u2013 Degrau M<\/h5>\n<p>Altura : 14,5 cm \u2013 Largura: 15 cm \u2013 Profundidade: 25 cm<\/p>\n<h5>1 \u2013 Degrau G<\/h5>\n<p>Altura : 14,5 cm \u2013 Largura: 30 cm \u2013 Profundidade: 25 cm<\/p>\n<h5>1 \u2013 Nicho<\/h5>\n<p>Altura : 27 cm \u2013 Largura: 35 cm \u2013 Profundidade: 31 cm<\/p>\n\t\t<\/div>\n\t\t\t\t\t<\/div>\n\n\t\n<\/div>\n\t\t<\/div>\n\n\t\t\n<style>\n#section_835956153 {\n  padding-top: 30px;\n  padding-bottom: 30px;\n  background-color: rgb(193, 193, 193);\n}\n#section_835956153 .section-bg-overlay {\n  background-color: rgba(255, 255, 255, 0.85);\n}\n<\/style>\n\t<\/section>\n\t\n","protected":false},"excerpt":{"rendered":"<p>O Kit Escalada Felina \u00e9 um convite irresist\u00edvel \u00e0 aventura, com cinco degraus cuidadosamente dimensionados \u2014 tr\u00eas pequenos, um m\u00e9dio e um grande \u2014 al\u00e9m de um arranhador feito em madeira de pinus reflorestado e sisal natural. Aqui, cada salto desperta o instinto de explora\u00e7\u00e3o, a curiosidade vibrante e o bem-estar genu\u00edno do seu felino.<\/p>\n","protected":false},"featured_media":487,"comment_status":"open","ping_status":"closed","template":"","meta":[],"product_brand":[],"product_cat":[15,69,79,70],"product_tag":[71,75,73],"class_list":{"0":"post-454","1":"product","2":"type-product","3":"status-publish","4":"has-post-thumbnail","6":"product_cat-artmisia","7":"product_cat-gatos","8":"product_cat-kits","9":"product_cat-playground","10":"product_tag-gatos","11":"product_tag-parede","12":"product_tag-playground","14":"first","15":"instock","16":"sale","17":"shipping-taxable","18":"purchasable","19":"product-type-variable"},"jetpack_sharing_enabled":true,"_links":{"self":[{"href":"https:\/\/artmisia.shop\/index.php?rest_route=\/wp\/v2\/product\/454","targetHints":{"allow":["GET"]}}],"collection":[{"href":"https:\/\/artmisia.shop\/index.php?rest_route=\/wp\/v2\/product"}],"about":[{"href":"https:\/\/artmisia.shop\/index.php?rest_route=\/wp\/v2\/types\/product"}],"replies":[{"embeddable":true,"href":"https:\/\/artmisia.shop\/index.php?rest_route=%2Fwp%2Fv2%2Fcomments&post=454"}],"wp:featuredmedia":[{"embeddable":true,"href":"https:\/\/artmisia.shop\/index.php?rest_route=\/wp\/v2\/media\/487"}],"wp:attachment":[{"href":"https:\/\/artmisia.shop\/index.php?rest_route=%2Fwp%2Fv2%2Fmedia&parent=454"}],"wp:term":[{"taxonomy":"product_brand","embeddable":true,"href":"https:\/\/artmisia.shop\/index.php?rest_route=%2Fwp%2Fv2%2Fproduct_brand&post=454"},{"taxonomy":"product_cat","embeddable":true,"href":"https:\/\/artmisia.shop\/index.php?rest_route=%2Fwp%2Fv2%2Fproduct_cat&post=454"},{"taxonomy":"product_tag","embeddable":true,"href":"https:\/\/artmisia.shop\/index.php?rest_route=%2Fwp%2Fv2%2Fproduct_tag&post=454"}],"curies":[{"name":"wp","href":"https:\/\/api.w.org\/{rel}","templated":true}]}}