{"id":455,"date":"2025-11-14T19:08:25","date_gmt":"2025-11-14T19:08:25","guid":{"rendered":"https:\/\/artmisia.shop\/?post_type=product&#038;p=455"},"modified":"2025-11-18T13:06:56","modified_gmt":"2025-11-18T13:06:56","slug":"kit-playground-para-gatos-cantinho-relax-5-pecas","status":"publish","type":"product","link":"https:\/\/artmisia.shop\/?product=kit-playground-para-gatos-cantinho-relax-5-pecas","title":{"rendered":"Kit playground para gatos Cantinho Relax- 5 pe\u00e7as"},"content":{"rendered":"\n\t<section class=\"section\" id=\"section_1146950290\">\n\t\t<div class=\"section-bg fill\" >\n\t\t\t<img loading=\"lazy\" decoding=\"async\" width=\"2270\" height=\"1400\" src=\"https:\/\/artmisia.shop\/wp-content\/uploads\/2025\/07\/Verde_G.png\" class=\"bg attachment- size-\" alt=\"\" \/>\t\t\t\t\t\t<div class=\"section-bg-overlay absolute fill\"><\/div>\n\t\t\t\n\n\t\t<\/div>\n\n\t\t\n\n\t\t<div class=\"section-content relative\">\n\t\t\t\n<div class=\"row row-collapse row-full-width align-middle\"  id=\"row-950386186\">\n\n\t<div id=\"col-434097606\" class=\"col medium-6 small-12 large-6\"  >\n\t\t\t\t<div class=\"col-inner\"  >\n\t\t\t\n\t\t\t\n\t<div class=\"img has-hover x md-x lg-x y md-y lg-y\" id=\"image_861066917\">\n\t\t\t\t\t\t\t\t<div class=\"img-inner dark\" >\n\t\t\t<img loading=\"lazy\" decoding=\"async\" width=\"800\" height=\"800\" src=\"https:\/\/artmisia.shop\/wp-content\/uploads\/2025\/10\/Kit5_3-800x800.png\" class=\"attachment-large size-large\" alt=\"\" srcset=\"https:\/\/artmisia.shop\/wp-content\/uploads\/2025\/10\/Kit5_3-800x800.png 800w, https:\/\/artmisia.shop\/wp-content\/uploads\/2025\/10\/Kit5_3-400x400.png 400w, https:\/\/artmisia.shop\/wp-content\/uploads\/2025\/10\/Kit5_3-280x280.png 280w, https:\/\/artmisia.shop\/wp-content\/uploads\/2025\/10\/Kit5_3-768x768.png 768w, https:\/\/artmisia.shop\/wp-content\/uploads\/2025\/10\/Kit5_3-300x300.png 300w, https:\/\/artmisia.shop\/wp-content\/uploads\/2025\/10\/Kit5_3-600x600.png 600w, https:\/\/artmisia.shop\/wp-content\/uploads\/2025\/10\/Kit5_3-100x100.png 100w, https:\/\/artmisia.shop\/wp-content\/uploads\/2025\/10\/Kit5_3.png 1200w\" sizes=\"auto, (max-width: 800px) 100vw, 800px\" \/>\t\t\t\t\t\t\n\t\t\t\t\t<\/div>\n\t\t\t\t\t\t\t\t\n<style>\n#image_861066917 {\n  width: 100%;\n}\n<\/style>\n\t<\/div>\n\t\n\t\t<\/div>\n\t\t\t\t\t<\/div>\n\n\t\n\n\t<div id=\"col-1769895603\" class=\"col medium-6 small-12 large-6\"  >\n\t\t\t\t<div class=\"col-inner text-center\"  >\n\t\t\t\n\t\t\t\n<h2>Para os gatos que amam descanso e momentos de cuidado<\/h2>\n<p class=\"my-2 &#091;&amp;+p&#093;:mt-4 &#091;&amp;_strong:has(+br)&#093;:inline-block &#091;&amp;_strong:has(+br)&#093;:pb-2\">este kit especial \u00e9 um verdadeiro abra\u00e7o em forma de m\u00f3vel. Com um arranhador duplo, tr\u00eas degraus (um m\u00e9dio e dois pequenos) e um nicho acolhedor, ele cria um cantinho onde seu felino pode relaxar, afiar as garras e observar o mundo l\u00e1 do alto, sentindo-se seguro e amado.<\/p>\n\t\t<\/div>\n\t\t\t\t\n<style>\n#col-1769895603 > .col-inner {\n  padding: 10% 10% 10% 10%;\n  max-width: 520px;\n}\n<\/style>\n\t<\/div>\n\n\t\n<\/div>\n\t\t<\/div>\n\n\t\t\n<style>\n#section_1146950290 {\n  padding-top: 0px;\n  padding-bottom: 0px;\n  background-color: rgb(247, 247, 247);\n}\n#section_1146950290 .section-bg-overlay {\n  background-color: rgba(255, 255, 255, 0.85);\n}\n<\/style>\n\t<\/section>\n\t\n\n\t<section class=\"section\" id=\"section_1014754765\">\n\t\t<div class=\"section-bg fill\" >\n\t\t\t<img loading=\"lazy\" decoding=\"async\" width=\"2270\" height=\"1400\" src=\"https:\/\/artmisia.shop\/wp-content\/uploads\/2025\/07\/Verde_G.png\" class=\"bg attachment- size-\" alt=\"\" \/>\t\t\t\t\t\t<div class=\"section-bg-overlay absolute fill\"><\/div>\n\t\t\t\n\n\t\t<\/div>\n\n\t\t\n\n\t\t<div class=\"section-content relative\">\n\t\t\t\n<div class=\"row row-collapse row-full-width align-middle\"  id=\"row-1817940418\">\n\n\t<div id=\"col-150593168\" class=\"col medium-6 small-12 large-6\"  >\n\t\t\t\t<div class=\"col-inner text-center\"  >\n\t\t\t\n\t\t\t\n<p class=\"my-2 &#091;&amp;+p&#093;:mt-4 &#091;&amp;_strong:has(+br)&#093;:inline-block &#091;&amp;_strong:has(+br)&#093;:pb-2\">Cada detalhe foi pensado para acolher com amor: madeira de pinus reflorestada, sisal natural e acabamentos ecol\u00f3gicos que respeitam a natureza e o bem-estar do seu pet. Feito \u00e0 m\u00e3o com alma e dedica\u00e7\u00e3o, este ref\u00fagio oferece a harmonia que seu gato merece, transformando qualquer lar em um verdadeiro santu\u00e1rio de afeto e beleza.<\/p>\n<p class=\"my-2 &#091;&amp;+p&#093;:mt-4 &#091;&amp;_strong:has(+br)&#093;:inline-block &#091;&amp;_strong:has(+br)&#093;:pb-2\">Porque gatos merecem um espa\u00e7o s\u00f3 deles, feito com cuidado e carinho, onde possam ser eles mesmos, cercados pelo seu amor em cada instante.<\/p>\n\t\t<\/div>\n\t\t\t\t\n<style>\n#col-150593168 > .col-inner {\n  padding: 10% 10% 10% 10%;\n  max-width: 520px;\n}\n<\/style>\n\t<\/div>\n\n\t\n\n\t<div id=\"col-667279139\" class=\"col medium-6 small-12 large-6\"  >\n\t\t\t\t<div class=\"col-inner\"  >\n\t\t\t\n\t\t\t\n\t<div class=\"img has-hover x md-x lg-x y md-y lg-y\" id=\"image_988953896\">\n\t\t\t\t\t\t\t\t<div class=\"img-inner dark\" >\n\t\t\t<img loading=\"lazy\" decoding=\"async\" width=\"800\" height=\"800\" src=\"https:\/\/artmisia.shop\/wp-content\/uploads\/2025\/11\/Kit5_2-800x800.png\" class=\"attachment-large size-large\" alt=\"\" srcset=\"https:\/\/artmisia.shop\/wp-content\/uploads\/2025\/11\/Kit5_2-800x800.png 800w, https:\/\/artmisia.shop\/wp-content\/uploads\/2025\/11\/Kit5_2-400x400.png 400w, https:\/\/artmisia.shop\/wp-content\/uploads\/2025\/11\/Kit5_2-280x280.png 280w, https:\/\/artmisia.shop\/wp-content\/uploads\/2025\/11\/Kit5_2-768x768.png 768w, https:\/\/artmisia.shop\/wp-content\/uploads\/2025\/11\/Kit5_2-300x300.png 300w, https:\/\/artmisia.shop\/wp-content\/uploads\/2025\/11\/Kit5_2-600x600.png 600w, https:\/\/artmisia.shop\/wp-content\/uploads\/2025\/11\/Kit5_2-100x100.png 100w, https:\/\/artmisia.shop\/wp-content\/uploads\/2025\/11\/Kit5_2.png 1200w\" sizes=\"auto, (max-width: 800px) 100vw, 800px\" \/>\t\t\t\t\t\t\n\t\t\t\t\t<\/div>\n\t\t\t\t\t\t\t\t\n<style>\n#image_988953896 {\n  width: 100%;\n}\n<\/style>\n\t<\/div>\n\t\n\t\t<\/div>\n\t\t\t\t\t<\/div>\n\n\t\n<\/div>\n\t\t<\/div>\n\n\t\t\n<style>\n#section_1014754765 {\n  padding-top: 0px;\n  padding-bottom: 0px;\n  background-color: rgb(247, 247, 247);\n}\n#section_1014754765 .section-bg-overlay {\n  background-color: rgba(255, 255, 255, 0.85);\n}\n<\/style>\n\t<\/section>\n\t\n\n\t<section class=\"section\" id=\"section_1639638133\">\n\t\t<div class=\"section-bg fill\" >\n\t\t\t\t\t\t\t\t\t<div class=\"section-bg-overlay absolute fill\"><\/div>\n\t\t\t\n\n\t\t<\/div>\n\n\t\t\n\n\t\t<div class=\"section-content relative\">\n\t\t\t\n<div class=\"row row-large align-center\"  id=\"row-525221191\">\n\n\t<div id=\"col-1877231914\" class=\"col medium-3 small-12 large-3\"  >\n\t\t\t\t<div class=\"col-inner text-right\"  >\n\t\t\t\n\t\t\t\n<h2>Montagem e instala\u00e7\u00e3o<\/h2>\n<p>O kit \u00e9 enviado desmontado com todas as pe\u00e7as devidamente furadas juntamente com parafusos de montagem e buchas para fixa\u00e7\u00e3o do produto na parede e um manual de instala\u00e7\u00e3o.<\/p>\n\t\t<\/div>\n\t\t\t\t\t<\/div>\n\n\t\n\n\t<div id=\"col-590281645\" class=\"col medium-6 small-12 large-6\"  >\n\t\t\t\t<div class=\"col-inner text-left\"  >\n\t\t\t\n\t\t\t\n<h2>Descritivo do kit<\/h2>\n<h5>1 &#8211; Arranhador duplo<\/h5>\n<p>Altura : 208 cm &#8211; Largura: 43 cm &#8211; Profundidade: 14 cm<\/p>\n<h5>2 &#8211; Degrau P<\/h5>\n<p>Altura : 14,5 cm &#8211; Largura: 10 cm &#8211; Profundidade: 25 cm<\/p>\n<h5>1 &#8211; Degrau M<\/h5>\n<p>Altura : 14,5 cm &#8211; Largura: 15 cm &#8211; Profundidade: 25 cm<\/p>\n<h5>1 &#8211; Nicho<\/h5>\n<p>Altura : 27 cm &#8211; Largura: 35 cm &#8211; Profundidade: 31 cm<\/p>\n\t\t<\/div>\n\t\t\t\t\t<\/div>\n\n\t\n<\/div>\n\t\t<\/div>\n\n\t\t\n<style>\n#section_1639638133 {\n  padding-top: 30px;\n  padding-bottom: 30px;\n  background-color: rgb(193, 193, 193);\n}\n#section_1639638133 .section-bg-overlay {\n  background-color: rgba(255, 255, 255, 0.85);\n}\n<\/style>\n\t<\/section>\n\t\n","protected":false},"excerpt":{"rendered":"<p>Este kit especial \u00e9 o ref\u00fagio ideal para seu gato, combinando conforto e divers\u00e3o. Com arranhador duplo, degraus e um nicho acolhedor em madeira de pinus reflorestada e sisal natural, oferece um espa\u00e7o feito \u00e0 m\u00e3o onde seu felino pode descansar, afiar as garras e observar com seguran\u00e7a. Um m\u00f3vel sustent\u00e1vel e dedicado ao bem-estar do seu pet, que transforma seu lar em um cantinho de carinho e cuidado.<\/p>\n","protected":false},"featured_media":459,"comment_status":"open","ping_status":"closed","template":"","meta":[],"product_brand":[],"product_cat":[69,79,70],"product_tag":[71,75,73],"class_list":{"0":"post-455","1":"product","2":"type-product","3":"status-publish","4":"has-post-thumbnail","6":"product_cat-gatos","7":"product_cat-kits","8":"product_cat-playground","9":"product_tag-gatos","10":"product_tag-parede","11":"product_tag-playground","13":"first","14":"instock","15":"sale","16":"shipping-taxable","17":"purchasable","18":"product-type-variable"},"jetpack_sharing_enabled":true,"_links":{"self":[{"href":"https:\/\/artmisia.shop\/index.php?rest_route=\/wp\/v2\/product\/455","targetHints":{"allow":["GET"]}}],"collection":[{"href":"https:\/\/artmisia.shop\/index.php?rest_route=\/wp\/v2\/product"}],"about":[{"href":"https:\/\/artmisia.shop\/index.php?rest_route=\/wp\/v2\/types\/product"}],"replies":[{"embeddable":true,"href":"https:\/\/artmisia.shop\/index.php?rest_route=%2Fwp%2Fv2%2Fcomments&post=455"}],"wp:featuredmedia":[{"embeddable":true,"href":"https:\/\/artmisia.shop\/index.php?rest_route=\/wp\/v2\/media\/459"}],"wp:attachment":[{"href":"https:\/\/artmisia.shop\/index.php?rest_route=%2Fwp%2Fv2%2Fmedia&parent=455"}],"wp:term":[{"taxonomy":"product_brand","embeddable":true,"href":"https:\/\/artmisia.shop\/index.php?rest_route=%2Fwp%2Fv2%2Fproduct_brand&post=455"},{"taxonomy":"product_cat","embeddable":true,"href":"https:\/\/artmisia.shop\/index.php?rest_route=%2Fwp%2Fv2%2Fproduct_cat&post=455"},{"taxonomy":"product_tag","embeddable":true,"href":"https:\/\/artmisia.shop\/index.php?rest_route=%2Fwp%2Fv2%2Fproduct_tag&post=455"}],"curies":[{"name":"wp","href":"https:\/\/api.w.org\/{rel}","templated":true}]}}