{"id":496,"date":"2025-11-28T13:54:44","date_gmt":"2025-11-28T13:54:44","guid":{"rendered":"https:\/\/artmisia.shop\/?post_type=product&#038;p=496"},"modified":"2025-11-28T13:59:35","modified_gmt":"2025-11-28T13:59:35","slug":"kit-playground-para-gatos-gatificacao-sem-arranhador-pecas","status":"publish","type":"product","link":"https:\/\/artmisia.shop\/?product=kit-playground-para-gatos-gatificacao-sem-arranhador-pecas","title":{"rendered":"Kit playground para gatos Gatifica\u00e7\u00e3o sem arranhador &#8211; 6 pe\u00e7as"},"content":{"rendered":"\n\t<section class=\"section\" id=\"section_6017840\">\n\t\t<div class=\"section-bg fill\" >\n\t\t\t<img loading=\"lazy\" decoding=\"async\" width=\"2270\" height=\"1400\" src=\"https:\/\/artmisia.shop\/wp-content\/uploads\/2025\/07\/Verde_G.png\" class=\"bg attachment- size-\" alt=\"\" \/>\t\t\t\t\t\t<div class=\"section-bg-overlay absolute fill\"><\/div>\n\t\t\t\n\n\t\t<\/div>\n\n\t\t\n\n\t\t<div class=\"section-content relative\">\n\t\t\t\n<div class=\"row row-large align-middle\"  id=\"row-1117267633\">\n\n\t<div id=\"col-362076106\" class=\"col medium-6 small-12 large-6\"  >\n\t\t\t\t<div class=\"col-inner\"  >\n\t\t\t\n\t\t\t\n\t<div class=\"img has-hover x md-x lg-x y md-y lg-y\" id=\"image_176662946\">\n\t\t\t\t\t\t\t\t<div class=\"img-inner dark\" >\n\t\t\t<img loading=\"lazy\" decoding=\"async\" width=\"800\" height=\"800\" src=\"https:\/\/artmisia.shop\/wp-content\/uploads\/2025\/11\/Kit6_3-800x800.jpg\" class=\"attachment-large size-large\" alt=\"\" srcset=\"https:\/\/artmisia.shop\/wp-content\/uploads\/2025\/11\/Kit6_3-800x800.jpg 800w, https:\/\/artmisia.shop\/wp-content\/uploads\/2025\/11\/Kit6_3-400x400.jpg 400w, https:\/\/artmisia.shop\/wp-content\/uploads\/2025\/11\/Kit6_3-280x280.jpg 280w, https:\/\/artmisia.shop\/wp-content\/uploads\/2025\/11\/Kit6_3-768x768.jpg 768w, https:\/\/artmisia.shop\/wp-content\/uploads\/2025\/11\/Kit6_3-300x300.jpg 300w, https:\/\/artmisia.shop\/wp-content\/uploads\/2025\/11\/Kit6_3-600x600.jpg 600w, https:\/\/artmisia.shop\/wp-content\/uploads\/2025\/11\/Kit6_3-100x100.jpg 100w, https:\/\/artmisia.shop\/wp-content\/uploads\/2025\/11\/Kit6_3.jpg 1200w\" sizes=\"auto, (max-width: 800px) 100vw, 800px\" \/>\t\t\t\t\t\t\n\t\t\t\t\t<\/div>\n\t\t\t\t\t\t\t\t\n<style>\n#image_176662946 {\n  width: 100%;\n}\n<\/style>\n\t<\/div>\n\t\n\t\t<\/div>\n\t\t\t\t\t<\/div>\n\n\t\n\n\t<div id=\"col-1176624380\" class=\"col medium-6 small-12 large-6\"  >\n\t\t\t\t<div class=\"col-inner text-left\"  >\n\t\t\t\n\t\t\t\n<h2>Gatifique sua casa!!!<\/h2>\n<p>Transforme a rotina do seu gato em uma experi\u00eancia cheia de amor e descoberta com o Kit Art-Misia. Cada detalhe foi pensado para acolher seu pet com todo carinho: um arranhador artesanal, seis degraus de parede (3 pequenos, 2 m\u00e9dios e 1 grande) e um nicho que se torna um verdadeiro ref\u00fagio.<\/p>\n<p class=\"my-2 &#091;&amp;+p&#093;:mt-4 &#091;&amp;_strong:has(+br)&#093;:inline-block &#091;&amp;_strong:has(+br)&#093;:pb-2\">Feitas em madeira certificada com acabamento ecol\u00f3gico, nossas pe\u00e7as unem sustentabilidade e beleza, criando um espa\u00e7o seguro onde seu gato pode explorar, descansar e brincar \u00e0 vontade. Mais que m\u00f3veis, s\u00e3o abra\u00e7os em forma de arte que transformam a casa em um lar cheio de aconchego e alegria.<\/p>\n<p class=\"my-2 &#091;&amp;+p&#093;:mt-4 &#091;&amp;_strong:has(+br)&#093;:inline-block &#091;&amp;_strong:has(+br)&#093;:pb-2\">D\u00ea ao seu gato o presente de se sentir amado em cada salto, em cada afago. Porque cuidar \u00e9 tamb\u00e9m criar momentos m\u00e1gicos para compartilhar.<\/p>\n\t\t<\/div>\n\t\t\t\t\t<\/div>\n\n\t\n<\/div>\n\t\t<\/div>\n\n\t\t\n<style>\n#section_6017840 {\n  padding-top: 60px;\n  padding-bottom: 60px;\n}\n#section_6017840 .section-bg-overlay {\n  background-color: rgba(255, 255, 255, 0.773);\n}\n<\/style>\n\t<\/section>\n\t\n\n\t<section class=\"section\" id=\"section_1808809226\">\n\t\t<div class=\"section-bg fill\" >\n\t\t\t\t\t\t\t\t\t<div class=\"section-bg-overlay absolute fill\"><\/div>\n\t\t\t\n\n\t\t<\/div>\n\n\t\t\n\n\t\t<div class=\"section-content relative\">\n\t\t\t\n<div class=\"row row-large align-center\"  id=\"row-460463273\">\n\n\t<div id=\"col-927398719\" class=\"col medium-3 small-12 large-3\"  >\n\t\t\t\t<div class=\"col-inner text-right\"  >\n\t\t\t\n\t\t\t\n<h2>Montagem e instala\u00e7\u00e3o<\/h2>\n<p>O kit \u00e9 enviado desmontado com todas as pe\u00e7as devidamente furadas juntamente com parafusos de montagem e buchas para fixa\u00e7\u00e3o do produto na parede e um manual de instala\u00e7\u00e3o.<\/p>\n\t\t<\/div>\n\t\t\t\t\t<\/div>\n\n\t\n\n\t<div id=\"col-181436963\" class=\"col medium-8 small-12 large-8\"  >\n\t\t\t\t<div class=\"col-inner text-left\"  >\n\t\t\t\n\t\t\t\n<h2>Descritivo do kit<\/h2>\n<h5>3 \u2013 Degrau P<\/h5>\n<p>Altura : 14,5 cm \u2013 Largura: 10 cm \u2013 Profundidade: 25 cm<\/p>\n<h5>1 \u2013 Degrau M<\/h5>\n<p>Altura : 14,5 cm \u2013 Largura: 15 cm \u2013 Profundidade: 25 cm<\/p>\n<h5>1 \u2013 Degrau G<\/h5>\n<p>Altura : 14,5 cm \u2013 Largura: 30 cm \u2013 Profundidade: 25 cm<\/p>\n<h5>1 \u2013 Nicho<\/h5>\n<p>Altura : 27 cm \u2013 Largura: 35 cm \u2013 Profundidade: 31 cm<\/p>\n\t\t<\/div>\n\t\t\t\t\t<\/div>\n\n\t\n<\/div>\n\t\t<\/div>\n\n\t\t\n<style>\n#section_1808809226 {\n  padding-top: 30px;\n  padding-bottom: 30px;\n  background-color: rgb(193, 193, 193);\n}\n#section_1808809226 .section-bg-overlay {\n  background-color: rgba(255, 255, 255, 0.85);\n}\n<\/style>\n\t<\/section>\n\t\n","protected":false},"excerpt":{"rendered":"<p>D\u00ea ao seu gato o presente de se sentir amado em cada salto, em cada afago. Porque cuidar \u00e9 tamb\u00e9m criar momentos m\u00e1gicos para compartilhar.<\/p>\n","protected":false},"featured_media":500,"comment_status":"open","ping_status":"closed","template":"","meta":[],"product_brand":[],"product_cat":[69,79,70],"product_tag":[71,75,73],"class_list":{"0":"post-496","1":"product","2":"type-product","3":"status-publish","4":"has-post-thumbnail","6":"product_cat-gatos","7":"product_cat-kits","8":"product_cat-playground","9":"product_tag-gatos","10":"product_tag-parede","11":"product_tag-playground","13":"first","14":"instock","15":"sale","16":"shipping-taxable","17":"purchasable","18":"product-type-variable"},"jetpack_sharing_enabled":true,"_links":{"self":[{"href":"https:\/\/artmisia.shop\/index.php?rest_route=\/wp\/v2\/product\/496","targetHints":{"allow":["GET"]}}],"collection":[{"href":"https:\/\/artmisia.shop\/index.php?rest_route=\/wp\/v2\/product"}],"about":[{"href":"https:\/\/artmisia.shop\/index.php?rest_route=\/wp\/v2\/types\/product"}],"replies":[{"embeddable":true,"href":"https:\/\/artmisia.shop\/index.php?rest_route=%2Fwp%2Fv2%2Fcomments&post=496"}],"wp:featuredmedia":[{"embeddable":true,"href":"https:\/\/artmisia.shop\/index.php?rest_route=\/wp\/v2\/media\/500"}],"wp:attachment":[{"href":"https:\/\/artmisia.shop\/index.php?rest_route=%2Fwp%2Fv2%2Fmedia&parent=496"}],"wp:term":[{"taxonomy":"product_brand","embeddable":true,"href":"https:\/\/artmisia.shop\/index.php?rest_route=%2Fwp%2Fv2%2Fproduct_brand&post=496"},{"taxonomy":"product_cat","embeddable":true,"href":"https:\/\/artmisia.shop\/index.php?rest_route=%2Fwp%2Fv2%2Fproduct_cat&post=496"},{"taxonomy":"product_tag","embeddable":true,"href":"https:\/\/artmisia.shop\/index.php?rest_route=%2Fwp%2Fv2%2Fproduct_tag&post=496"}],"curies":[{"name":"wp","href":"https:\/\/api.w.org\/{rel}","templated":true}]}}