{"id":503,"date":"2025-11-28T13:59:53","date_gmt":"2025-11-28T13:59:53","guid":{"rendered":"https:\/\/artmisia.shop\/?post_type=product&#038;p=503"},"modified":"2025-11-28T14:01:57","modified_gmt":"2025-11-28T14:01:57","slug":"kit-playground-para-gatos-completo-sem-arranhador-9-pecas","status":"publish","type":"product","link":"https:\/\/artmisia.shop\/?product=kit-playground-para-gatos-completo-sem-arranhador-9-pecas","title":{"rendered":"Kit Playground para gatos Completo sem arranhador- 9 pe\u00e7as"},"content":{"rendered":"\n\t<section class=\"section\" id=\"section_966720840\">\n\t\t<div class=\"section-bg fill\" >\n\t\t\t<img loading=\"lazy\" decoding=\"async\" width=\"2270\" height=\"1400\" src=\"https:\/\/artmisia.shop\/wp-content\/uploads\/2025\/07\/Verde_G.png\" class=\"bg attachment- size-\" alt=\"\" \/>\t\t\t\t\t\t<div class=\"section-bg-overlay absolute fill\"><\/div>\n\t\t\t\n\n\t\t<\/div>\n\n\t\t\n\n\t\t<div class=\"section-content relative\">\n\t\t\t\n<div class=\"row row-large align-middle\"  id=\"row-788663674\">\n\n\t<div id=\"col-943652588\" class=\"col medium-6 small-12 large-6\"  >\n\t\t\t\t<div class=\"col-inner\"  >\n\t\t\t\n\t\t\t\n\t<div class=\"img has-hover x md-x lg-x y md-y lg-y\" id=\"image_1725940444\">\n\t\t\t\t\t\t\t\t<div class=\"img-inner dark\" >\n\t\t\t<img loading=\"lazy\" decoding=\"async\" width=\"800\" height=\"800\" src=\"https:\/\/artmisia.shop\/wp-content\/uploads\/2025\/11\/kit9_3-1-800x800.jpg\" class=\"attachment-large size-large\" alt=\"\" srcset=\"https:\/\/artmisia.shop\/wp-content\/uploads\/2025\/11\/kit9_3-1-800x800.jpg 800w, https:\/\/artmisia.shop\/wp-content\/uploads\/2025\/11\/kit9_3-1-400x400.jpg 400w, https:\/\/artmisia.shop\/wp-content\/uploads\/2025\/11\/kit9_3-1-280x280.jpg 280w, https:\/\/artmisia.shop\/wp-content\/uploads\/2025\/11\/kit9_3-1-768x768.jpg 768w, https:\/\/artmisia.shop\/wp-content\/uploads\/2025\/11\/kit9_3-1-300x300.jpg 300w, https:\/\/artmisia.shop\/wp-content\/uploads\/2025\/11\/kit9_3-1-600x600.jpg 600w, https:\/\/artmisia.shop\/wp-content\/uploads\/2025\/11\/kit9_3-1-100x100.jpg 100w, https:\/\/artmisia.shop\/wp-content\/uploads\/2025\/11\/kit9_3-1.jpg 1200w\" sizes=\"auto, (max-width: 800px) 100vw, 800px\" \/>\t\t\t\t\t\t\n\t\t\t\t\t<\/div>\n\t\t\t\t\t\t\t\t\n<style>\n#image_1725940444 {\n  width: 100%;\n}\n<\/style>\n\t<\/div>\n\t\n\t\t<\/div>\n\t\t\t\t\t<\/div>\n\n\t\n\n\t<div id=\"col-371311477\" class=\"col medium-6 small-12 large-6\"  >\n\t\t\t\t<div class=\"col-inner text-left\"  >\n\t\t\t\n\t\t\t\n<h2>Para voc\u00ea que ama seu gato como parte da fam\u00edlia!!<\/h2>\n<p>Apresentamos a experi\u00eancia definitiva de divers\u00e3o, bem-estar e estilo que vai transformar o dia a dia dele em pura felicidade. Imagine seu felino explorando um arranhador duplo, pulando nos sete degraus que formam um circuito completo de aventura \u2014 com espa\u00e7os para escalada, afiar as garras, observar tudo ao redor e encontrar o cantinho perfeito para relaxar profundamente.<\/p>\n\t\t<\/div>\n\t\t\t\t\t<\/div>\n\n\t\n<\/div>\n\t\t<\/div>\n\n\t\t\n<style>\n#section_966720840 {\n  padding-top: 60px;\n  padding-bottom: 60px;\n}\n#section_966720840 .section-bg-overlay {\n  background-color: rgba(255, 255, 255, 0.85);\n}\n<\/style>\n\t<\/section>\n\t\n\n\t<section class=\"section\" id=\"section_1615371899\">\n\t\t<div class=\"section-bg fill\" >\n\t\t\t<img loading=\"lazy\" decoding=\"async\" width=\"2270\" height=\"1400\" src=\"https:\/\/artmisia.shop\/wp-content\/uploads\/2025\/07\/Verde_G.png\" class=\"bg attachment- size-\" alt=\"\" \/>\t\t\t\t\t\t<div class=\"section-bg-overlay absolute fill\"><\/div>\n\t\t\t\n\n\t\t<\/div>\n\n\t\t\n\n\t\t<div class=\"section-content relative\">\n\t\t\t\n<div class=\"row row-large align-middle\"  id=\"row-1301980042\">\n\n\t<div id=\"col-725335204\" class=\"col medium-6 small-12 large-6\"  >\n\t\t\t\t<div class=\"col-inner text-left\"  >\n\t\t\t\n\t\t\t\n<p>Cada detalhe desse kit foi pensado com carinho: do design minimalista que harmoniza com seu lar, aos materiais naturais como o pinus reflorestado e o sisal, que trazem seguran\u00e7a e conforto para o seu gato se divertir sem preocupa\u00e7\u00f5es. As bases firmes garantem estabilidade, enquanto o acabamento elegante reflete a dedica\u00e7\u00e3o em criar um ambiente acolhedor.<\/p>\n<p>Aqui, seu gato poder\u00e1 esticar o corpo, saltar com liberdade, descansar com tranquilidade e brincar com alegria \u2014 tudo isso enquanto voc\u00eas constroem mem\u00f3rias cheias de amor e cumplicidade. Porque cuidar do seu pet \u00e9 tamb\u00e9m valorizar o lar onde esses momentos preciosos ganham vida.<\/p>\n\t\t<\/div>\n\t\t\t\t\t<\/div>\n\n\t\n\n\t<div id=\"col-412837363\" class=\"col medium-6 small-12 large-6\"  >\n\t\t\t\t<div class=\"col-inner\"  >\n\t\t\t\n\t\t\t\n\t<div class=\"img has-hover x md-x lg-x y md-y lg-y\" id=\"image_82271683\">\n\t\t\t\t\t\t\t\t<div class=\"img-inner dark\" >\n\t\t\t<img loading=\"lazy\" decoding=\"async\" width=\"800\" height=\"800\" src=\"https:\/\/artmisia.shop\/wp-content\/uploads\/2025\/11\/Kit9_1-800x800.jpg\" class=\"attachment-large size-large\" alt=\"\" srcset=\"https:\/\/artmisia.shop\/wp-content\/uploads\/2025\/11\/Kit9_1-800x800.jpg 800w, https:\/\/artmisia.shop\/wp-content\/uploads\/2025\/11\/Kit9_1-400x400.jpg 400w, https:\/\/artmisia.shop\/wp-content\/uploads\/2025\/11\/Kit9_1-280x280.jpg 280w, https:\/\/artmisia.shop\/wp-content\/uploads\/2025\/11\/Kit9_1-768x768.jpg 768w, https:\/\/artmisia.shop\/wp-content\/uploads\/2025\/11\/Kit9_1-300x300.jpg 300w, https:\/\/artmisia.shop\/wp-content\/uploads\/2025\/11\/Kit9_1-600x600.jpg 600w, https:\/\/artmisia.shop\/wp-content\/uploads\/2025\/11\/Kit9_1-100x100.jpg 100w, https:\/\/artmisia.shop\/wp-content\/uploads\/2025\/11\/Kit9_1.jpg 1200w\" sizes=\"auto, (max-width: 800px) 100vw, 800px\" \/>\t\t\t\t\t\t\n\t\t\t\t\t<\/div>\n\t\t\t\t\t\t\t\t\n<style>\n#image_82271683 {\n  width: 100%;\n}\n<\/style>\n\t<\/div>\n\t\n\t\t<\/div>\n\t\t\t\t\t<\/div>\n\n\t\n<\/div>\n\t\t<\/div>\n\n\t\t\n<style>\n#section_1615371899 {\n  padding-top: 60px;\n  padding-bottom: 60px;\n}\n#section_1615371899 .section-bg-overlay {\n  background-color: rgba(255, 255, 255, 0.85);\n}\n<\/style>\n\t<\/section>\n\t\n\n\t<section class=\"section\" id=\"section_727652377\">\n\t\t<div class=\"section-bg fill\" >\n\t\t\t\t\t\t\t\t\t<div class=\"section-bg-overlay absolute fill\"><\/div>\n\t\t\t\n\n\t\t<\/div>\n\n\t\t\n\n\t\t<div class=\"section-content relative\">\n\t\t\t\n<div class=\"row row-large align-center\"  id=\"row-1924188877\">\n\n\t<div id=\"col-828524788\" class=\"col medium-3 small-12 large-3\"  >\n\t\t\t\t<div class=\"col-inner text-right\"  >\n\t\t\t\n\t\t\t\n<h2>Montagem e instala\u00e7\u00e3o<\/h2>\n<p>O kit \u00e9 enviado desmontado com todas as pe\u00e7as devidamente furadas juntamente com parafusos de montagem e buchas para fixa\u00e7\u00e3o do produto na parede e um manual de instala\u00e7\u00e3o.<\/p>\n\t\t<\/div>\n\t\t\t\t\t<\/div>\n\n\t\n\n\t<div id=\"col-617260875\" class=\"col medium-8 small-12 large-8\"  >\n\t\t\t\t<div class=\"col-inner text-left\"  >\n\t\t\t\n\t\t\t\n<h2>Descritivo do kit<\/h2>\n<h5>4 \u2013 Degrau P<\/h5>\n<p>Altura : 14,5 cm \u2013 Largura: 10 cm \u2013 Profundidade: 25 cm<\/p>\n<h5>3 \u2013 Degrau M<\/h5>\n<p>Altura : 14,5 cm \u2013 Largura: 15 cm \u2013 Profundidade: 25 cm<\/p>\n<h5>1 \u2013 Degrau G<\/h5>\n<p>Altura : 14,5 cm \u2013 Largura: 30 cm \u2013 Profundidade: 25 cm<\/p>\n<h5>1 \u2013 Nicho<\/h5>\n<p>Altura : 27 cm \u2013 Largura: 35 cm \u2013 Profundidade: 31 cm<\/p>\n\t\t<\/div>\n\t\t\t\t\t<\/div>\n\n\t\n<\/div>\n\t\t<\/div>\n\n\t\t\n<style>\n#section_727652377 {\n  padding-top: 30px;\n  padding-bottom: 30px;\n  background-color: rgb(193, 193, 193);\n}\n#section_727652377 .section-bg-overlay {\n  background-color: rgba(255, 255, 255, 0.85);\n}\n<\/style>\n\t<\/section>\n\t\n","protected":false},"excerpt":{"rendered":"<p>A experi\u00eancia definitiva de divers\u00e3o, bem-estar e estilo para o seu felino. Com um arranhador duplo, sete degraus (4 Pequenos, 3 M\u00e9dios, 1 Grande) e um nicho, este kit cria um circuito gatificado completo: escalada, afia\u00e7\u00e3o de garras, observa\u00e7\u00e3o e relaxamento.<\/p>\n","protected":false},"featured_media":506,"comment_status":"open","ping_status":"closed","template":"","meta":[],"product_brand":[],"product_cat":[15,69,79,70],"product_tag":[71,75,73],"class_list":{"0":"post-503","1":"product","2":"type-product","3":"status-publish","4":"has-post-thumbnail","6":"product_cat-artmisia","7":"product_cat-gatos","8":"product_cat-kits","9":"product_cat-playground","10":"product_tag-gatos","11":"product_tag-parede","12":"product_tag-playground","14":"first","15":"instock","16":"sale","17":"shipping-taxable","18":"purchasable","19":"product-type-variable"},"jetpack_sharing_enabled":true,"_links":{"self":[{"href":"https:\/\/artmisia.shop\/index.php?rest_route=\/wp\/v2\/product\/503","targetHints":{"allow":["GET"]}}],"collection":[{"href":"https:\/\/artmisia.shop\/index.php?rest_route=\/wp\/v2\/product"}],"about":[{"href":"https:\/\/artmisia.shop\/index.php?rest_route=\/wp\/v2\/types\/product"}],"replies":[{"embeddable":true,"href":"https:\/\/artmisia.shop\/index.php?rest_route=%2Fwp%2Fv2%2Fcomments&post=503"}],"wp:featuredmedia":[{"embeddable":true,"href":"https:\/\/artmisia.shop\/index.php?rest_route=\/wp\/v2\/media\/506"}],"wp:attachment":[{"href":"https:\/\/artmisia.shop\/index.php?rest_route=%2Fwp%2Fv2%2Fmedia&parent=503"}],"wp:term":[{"taxonomy":"product_brand","embeddable":true,"href":"https:\/\/artmisia.shop\/index.php?rest_route=%2Fwp%2Fv2%2Fproduct_brand&post=503"},{"taxonomy":"product_cat","embeddable":true,"href":"https:\/\/artmisia.shop\/index.php?rest_route=%2Fwp%2Fv2%2Fproduct_cat&post=503"},{"taxonomy":"product_tag","embeddable":true,"href":"https:\/\/artmisia.shop\/index.php?rest_route=%2Fwp%2Fv2%2Fproduct_tag&post=503"}],"curies":[{"name":"wp","href":"https:\/\/api.w.org\/{rel}","templated":true}]}}